se
Is 29 a factor of 143?
False
Is 212 a multiple of 10?
False
Does 4 divide 185?
False
Does 212 divide 8816?
False
Is 4256 a multiple of 14?
True
Is 56 a factor of 2235?
False
Does 54 divide 710?
False
Is 864 a multiple of 24?
True
Is 15152 a multiple of 8?
True
Does 38 divide 418?
True
Is 42511 a multiple of 4?
False
Does 9 divide 53875?
False
Does 57 divide 250?
False
Does 82 divide 246?
True
Does 7 divide 4210?
False
Does 30 divide 799?
False
Does 3 divide 360?
True
Does 5 divide 331?
False
Does 15 divide 6336?
False
Is 1450 a multiple of 29?
True
Is 331 a multiple of 4?
False
Is 30 a factor of 29700?
True
Is 24462 a multiple of 147?
False
Does 5 divide 5220?
True
Does 128 divide 11008?
True
Does 14 divide 75012?
True
Does 61 divide 1891?
True
Does 151 divide 12986?
True
Is 6570 a multiple of 4?
False
Does 27 divide 216?
True
Is 2700 a multiple of 2?
True
Is 9 a factor of 576?
True
Is 2593 a multiple of 55?
False
Is 128 a factor of 14080?
True
Is 1666 a multiple of 14?
True
Is 23 a factor of 3335?
True
Is 44 a factor of 1859?
False
Is 67 a factor of 2341?
False
Does 4 divide 155?
False
Does 12 divide 441?
False
Is 15 a factor of 1236?
False
Is 10743 a multiple of 15?
False
Is 318 a multiple of 6?
True
Is 106 a factor of 3570?
False
Is 29595 a multiple of 15?
True
Is 57 a factor of 8550?
True
Is 291 a factor of 50392?
False
Is 1228 a multiple of 26?
False
Is 6 a factor of 5297?
False
Is 6 a factor of 136?
False
Does 77 divide 3062?
False
Does 14 divide 1120?
True
Is 4 a factor of 213?
False
Is 12 a factor of 963?
False
Is 283 a multiple of 36?
False
Is 8818 a multiple of 8?
False
Is 54 a factor of 75291?
False
Does 35 divide 57447?
False
Is 2680 a multiple of 19?
False
Is 218 a multiple of 56?
False
Is 21 a multiple of 21?
True
Is 2775 a multiple of 75?
True
Is 1586 a multiple of 13?
True
Is 776 a multiple of 8?
True
Is 11 a factor of 2176?
False
Does 2 divide 331?
False
Does 5 divide 1605?
True
Is 7292 a multiple of 12?
False
Is 17 a factor of 4607?
True
Is 17 a factor of 110041?
True
Is 5 a factor of 1993?
False
Is 214 a multiple of 5?
False
Is 186 a multiple of 10?
False
Is 35910 a multiple of 24?
False
Does 8 divide 49328?
True
Is 116 a factor of 14384?
True
Does 23 divide 27973?
False
Is 1272 a multiple of 8?
True
Is 10683 a multiple of 19?
False
Is 19 a factor of 247?
True
Is 510 a multiple of 69?
False
Is 22940 a multiple of 20?
True
Is 51 a factor of 2573?
False
Does 11 divide 14889?
False
Does 132 divide 5313?
False
Does 78 divide 9438?
True
Is 103 a factor of 35226?
True
Is 251 a multiple of 7?
False
Is 834 a multiple of 20?
False
Does 14 divide 1498?
True
Is 44 a factor of 2376?
True
Is 326 a multiple of 33?
False
Is 35 a factor of 665?
True
Is 1262 a multiple of 7?
False
Does 10 divide 1368?
False
Is 19 a factor of 16701?
True
Does 16 divide 18640?
True
Is 14 a factor of 11354?
True
Is 25 a factor of 83482?
False
Does 80 divide 481?
False
Is 4 a factor of 94?
False
Does 94 divide 17766?
True
Is 10 a factor of 919?
False
Does 15 divide 21465?
True
Is 2693 a multiple of 51?
False
Is 338 a multiple of 26?
True
Is 4320 a multiple of 45?
True
Is 5 a factor of 647?
False
Is 45 a factor of 1170?
True
Is 3555 a multiple of 79?
True
Is 12 a factor of 27576?
True
Does 21 divide 628?
False
Does 14 divide 378?
True
Is 149 a multiple of 26?
False
Is 5024 a multiple of 56?
False
Does 5 divide 1709?
False
Is 11 a factor of 440?
True
Is 30 a factor of 341?
False
Is 3900 a multiple of 12?
True
Is 33 a factor of 9702?
True
Is 273 a factor of 18435?
False
Does 10 divide 1210?
True
Is 11 a factor of 3926?
False
Is 49 a factor of 10388?
True
Does 35 divide 526?
False
Is 29027 a multiple of 42?
False
Does 25 divide 47256?
False
Does 5 divide 363?
False
Is 6 a factor of 526?
False
Is 27 a factor of 15093?
True
Does 12 divide 2775?
False
Is 29 a factor of 1359?
False
Is 16275 a multiple of 75?
True
Is 44 a factor of 1848?
True
Is 80 a factor of 5059?
False
Does 168 divide 72104?
False
Is 7 a factor of 13902?
True
Is 3306 a multiple of 2?
True
Is 127 even?
False
Is 286 a multiple of 11?
True
Does 29 divide 1450?
True
Is 47 a factor of 1375?
False
Is 208 a factor of 15392?
True
Is 52 a factor of 169676?
True
Is 20 a factor of 1520?
True
Is 13219 a multiple of 3?
False
Is 28 a factor of 1517?
False
Is 19 a factor of 3371?
False
Is 5 a factor of 95?
True
Is 33 a factor of 1852?
False
Is 27 a factor of 3132?
True
Is 66 a factor of 2730?
False
Is 2784 a multiple of 164?
False
Does 5 divide 35?
True
Does 86 divide 1652?
False
Is 80 a factor of 1920?
True
Does 15 divide 289?
False
Is 9 a factor of 91413?
True
Is 23 a factor of 2729?
False
Is 1804 a multiple of 10?
False
Does 29 divide 97061?
False
Is 3180 a multiple of 9?
False
Does 101 divide 69876?
False
Is 8 a factor of 14149?
False
Does 19 divide 6498?
True
Does 7 divide 472?
False
Does 24 divide 34427?
False
Does 47 divide 10591?
False
Is 39 a factor of 312?
True
Does 91 divide 2120?
False
Is 21 a factor of 5565?
True
Is 20481 a multiple of 28?
False
Does 39 divide 7781?
False
Is 47 a factor of 470?
True
Is 45 a factor of 7179?
False
Does 12 divide 5880?
True
Does 22 divide 50116?
True
Does 13 divide 4368?
True
Does 7 divide 3414?
False
Is 248 a multiple of 17?
False
Is 1702 a multiple of 43?
False
Is 19 a factor of 247?
True
Does 29 divide 646?
False
Is 1722 a multiple of 75?
False
Does 38 divide 11330?
False
Is 72 a factor of 9864?
True
Does 55 divide 5222?
False
Is 720 a multiple of 20?
True
Is 8548 a multiple of 93?
False
Does 181 divide 17697?
False
Is 269 a multiple of 9?
False
Is 65 a factor of 195?
True
Is 42020 a multiple of 110?
True
Is 504 a multiple of 56?
True
Is 5339 even?
False
Is 6 a factor of 416?
False
Is 1729 a multiple of 19?
True
Does 19 divide 5510?
True
Does 19 divide 1900?
True
Is 30 a factor of 313?
False
Does 157 divide 51618?
False
Is 10081 a multiple of 17?
True
Is 6 a factor of 2023?
False
Does 143 divide 3239?
False
Does 10 divide 399?
False
Does 97 divide 1164?
True
Is 53431 a multiple of 47?
False
Does 14 divide 291?
False
Is 174 a multiple of 10?
False
Does 10 divide 42?
False
Does 25 divide 700?
True
Is 1248 a multiple of 12?
True
Is 24402 a multiple of 42?
True
Does 28 divide 44044?
True
Is 6 a factor of 6518?
False
Is 24976 a multiple of 223?
True
Does 23 divide 1334?
True
Is 13743 a multiple of 9?
True
Is 7529 a multiple of 126?
False
Is 31 a factor of 73290?
False
Is 556 a multiple of 15?
False
Is 115 a multiple of 23?
True
Is 10 a factor of 786?
False
Does 10 divide 4070?
True
Does 9 divide 108?
True
Does 14 divide 273?
False
Does 111 divide 4796?
False
Is 54 a factor of 9450?
True
Is 1108 a multiple of 21?
False
Is 9 a multiple of 9?
True
Is 24 a factor of 39938?
False
Does 52 divide 239?
False
Does 25 divide 1575?
True
Is 656 a multiple of 5?
False
Is 49 a factor of 1568?
True
Is 235 a multiple of 47?
True
Does 55 divide 2915?
True
Does 8 divide 128?
True
Is 17 a factor of 8567?
False
Is 34 a factor of 407?
False
Is 14 a factor of 20659?
False
Is 25 a factor of 1629?
False
Is 8 a factor of 5086?
False
Does 81 divide 1863?
True
Is 11 a factor of 103?
False
Is 12 a factor of 1876?
False
Is 45 a factor of 26246?
False
Does 65 divide 25740?
True
Is 9317 a multiple of 10?
False
Is 10 a factor of 1901?
False
Is 1402 a multiple of 76?
False
Does 104 divide 7044?
False
Is 62 a factor of 47905?
False
Is 7717 a multiple of 132?
False
Is 3 a factor of 9543?
True
Is 1298 a multiple of 11?
True
Is 14004 a multiple of 25?
False
Does 6 divide 1482?
True
Does 20 divide 29980?
True
Is 51 a factor of 22287?
True
Is 2564 a multiple of 8?
False
Is 1023 a multiple of 31?
True
Is 16 a factor of 21203?
False
Is 113 a factor of 565?
True
Does 23 divide 115?
True
Is 3 a factor of 55?
False
Is 19 a factor of 12312?
True
Does 170 divide 69020?
True
Does 13 divide 17797?
True
Is 10 a factor of 2622?
False
Is 203 a multiple of 15?
False
Does 13 divide 412?
False
Is 18 a factor of 6840?
True
Is 846 a multiple of 55?
False
Does 36 divide 1872?
True
Is 3652 a multiple of 66?
False
Is 3360 a multiple of 21?
True
Does 21 divide 117?
False
Is 14 a factor of 3575?
False
Is 51 a factor of 7395?
True
Does 141 divide 3384?
True
Is 17 a factor of 1218?
False
Is 28 a factor of 2075?
False
Does 5 divi